{"id":377,"date":"2021-09-10T18:31:24","date_gmt":"2021-09-10T18:31:24","guid":{"rendered":"http:\/\/35.234.83.84\/?page_id=377"},"modified":"2024-03-07T16:28:37","modified_gmt":"2024-03-07T16:28:37","slug":"faq-questions-frequentes","status":"publish","type":"page","link":"https:\/\/veozen.fr\/?page_id=377","title":{"rendered":"FAQ &#8211; Questions fr\u00e9quentes"},"content":{"rendered":"","protected":false},"excerpt":{"rendered":"<p>Acheter un V\u00e9hicule d&#8217;Occasion Chez V\u00e9ozen ?<\/p>\n","protected":false},"author":2,"featured_media":0,"parent":0,"menu_order":0,"comment_status":"open","ping_status":"closed","template":"","meta":{"_exactmetrics_skip_tracking":false,"_exactmetrics_sitenote_active":false,"_exactmetrics_sitenote_note":"","_exactmetrics_sitenote_category":0,"_themeisle_gutenberg_block_has_review":false,"footnotes":""},"class_list":["post-377","page","type-page","status-publish","hentry"],"_links":{"self":[{"href":"https:\/\/veozen.fr\/index.php?rest_route=\/wp\/v2\/pages\/377","targetHints":{"allow":["GET"]}}],"collection":[{"href":"https:\/\/veozen.fr\/index.php?rest_route=\/wp\/v2\/pages"}],"about":[{"href":"https:\/\/veozen.fr\/index.php?rest_route=\/wp\/v2\/types\/page"}],"author":[{"embeddable":true,"href":"https:\/\/veozen.fr\/index.php?rest_route=\/wp\/v2\/users\/2"}],"replies":[{"embeddable":true,"href":"https:\/\/veozen.fr\/index.php?rest_route=%2Fwp%2Fv2%2Fcomments&post=377"}],"version-history":[{"count":1,"href":"https:\/\/veozen.fr\/index.php?rest_route=\/wp\/v2\/pages\/377\/revisions"}],"predecessor-version":[{"id":1780,"href":"https:\/\/veozen.fr\/index.php?rest_route=\/wp\/v2\/pages\/377\/revisions\/1780"}],"wp:attachment":[{"href":"https:\/\/veozen.fr\/index.php?rest_route=%2Fwp%2Fv2%2Fmedia&parent=377"}],"curies":[{"name":"wp","href":"https:\/\/api.w.org\/{rel}","templated":true}]}}